90?
280
What is the remainder when 139 is divided by 30?
19
Calculate the remainder when 76 is divided by 8.
4
Calculate the remainder when 2276 is divided by 43.
40
Calculate the remainder when 350 is divided by 16.
14
What is the remainder when 463 is divided by 59?
50
What is the remainder when 93 is divided by 17?
8
What is the remainder when 245 is divided by 190?
55
What is the remainder when 144 is divided by 75?
69
What is the remainder when 14393 is divided by 122?
119
What is the remainder when 5887 is divided by 62?
59
Calculate the remainder when 50 is divided by 19.
12
Calculate the remainder when 4799 is divided by 24.
23
Calculate the remainder when 48 is divided by 2.
0
What is the remainder when 755 is divided by 188?
3
What is the remainder when 270 is divided by 23?
17
What is the remainder when 70 is divided by 41?
29
What is the remainder when 18489 is divided by 23?
20
Calculate the remainder when 264 is divided by 19.
17
What is the remainder when 88 is divided by 19?
12
What is the remainder when 269 is divided by 15?
14
What is the remainder when 512 is divided by 24?
8
What is the remainder when 34 is divided by 18?
16
What is the remainder when 1139 is divided by 7?
5
What is the remainder when 52 is divided by 4?
0
What is the remainder when 222 is divided by 115?
107
What is the remainder when 333 is divided by 159?
15
Calculate the remainder when 9709 is divided by 117.
115
What is the remainder when 4503 is divided by 1490?
33
Calculate the remainder when 32 is divided by 22.
10
Calculate the remainder when 574 is divided by 26.
2
What is the remainder when 316 is divided by 53?
51
Calculate the remainder when 57 is divided by 34.
23
What is the remainder when 11172 is divided by 15?
12
What is the remainder when 55 is divided by 7?
6
What is the remainder when 10430 is divided by 16?
14
Calculate the remainder when 1390 is divided by 62.
26
What is the remainder when 2646 is divided by 7?
0
Calculate the remainder when 70 is divided by 7.
0
What is the remainder when 857 is divided by 57?
2
What is the remainder when 206 is divided by 8?
6
Calculate the remainder when 723 is divided by 82.
67
What is the remainder when 1336 is divided by 660?
16
What is the remainder when 1304 is divided by 133?
107
Calculate the remainder when 822 is divided by 162.
12
What is the remainder when 363 is divided by 138?
87
Calculate the remainder when 261 is divided by 90.
81
What is the remainder when 251 is divided by 64?
59
What is the remainder when 837 is divided by 7?
4
What is the remainder when 187 is divided by 67?
53
Calculate the remainder when 535 is divided by 54.
49
What is the remainder when 862 is divided by 16?
14
Calculate the remainder when 108 is divided by 43.
22
Calculate the remainder when 2944 is divided by 6.
4
What is the remainder when 1259 is divided by 105?
104
What is the remainder when 178 is divided by 4?
2
What is the remainder when 963 is divided by 48?
3
Calculate the remainder when 7415 is divided by 22.
1
Calculate the remainder when 93 is divided by 41.
11
Calculate the remainder when 926 is divided by 6.
2
What is the remainder when 1171 is divided by 4?
3
What is the remainder when 73 is divided by 47?
26
Calculate the remainder when 86 is divided by 8.
6
What is the remainder when 348 is divided by 26?
10
Calculate the remainder when 53 is divided by 9.
8
What is the remainder when 711 is divided by 13?
9
What is the remainder when 120 is divided by 22?
10
Calculate the remainder when 1338 is divided by 371.
225
Calculate the remainder when 3966 is divided by 21.
18
What is the remainder when 525 is divided by 66?
63
What is the remainder when 213 is divided by 36?
33
Calculate the remainder when 392 is divided by 214.
178
Calculate the remainder when 51 is divided by 23.
5
Calculate the remainder when 255 is divided by 74.
33
What is the remainder when 57 is divided by 5?
2
What is the remainder when 10277 is divided by 3409?
50
What is the remainder when 1977 is divided by 165?
162
What is the remainder when 3472 is divided by 65?
27
What is the remainder when 189 is divided by 40?
29
Calculate the remainder when 339 is divided by 43.
38
Calculate the remainder when 1764 is divided by 100.
64
What is the remainder when 491 is divided by 13?
10
Calculate the remainder when 601 is divided by 86.
85
What is the remainder when 171 is divided by 15?
6
What is the remainder when 1348 is divided by 23?
14
What is the remainder when 512 is divided by 27?
26
What is the remainder when 401 is divided by 106?
83
Calculate the remainder when 758 is divided by 752.
6
What is the remainder when 1385 is divided by 16?
9
Calculate the remainder when 60 is divided by 9.
6
What is the remainder when 1213 is divided by 606?
1
Calculate the remainder when 1035 is divided by 220.
155
What is the remainder when 47 is divided by 19?
9
What is the remainder when 1828 is divided by 152?
4
Calculate the remainder when 176 is divided by 38.
24
Calculate the remainder when 671 is divided by 257.
157
Calculate the remainder when 209 is divided by 54.
47
Calculate the remainder when 1151 is divided by 9.
8
Calculate the remainder when 1287 is divided by 117.
0
Calculate the remainder when 232 is divided by 18.
16
What is the remainder when 414 is divided by 72?
54
What is the remainder when 161 is divided by 36?
17
What is the remainder when 49 is divided by 20?
9
What is the remainder when 88 is divided by 54?
34
What is the remainder when 71 is divided by 28?
15
What is the remainder when 378 is divided by 76?
74
What is the remainder when 8525 is divided by 21?
20
What is the remainder when 122 is divided by 63?
59
What is the remainder when 158 is divided by 34?
22
Calculate the remainder when 501 is divided by 54.
15
What is the remainder when 617 is divided by 124?
121
Calculate the remainder when 457 is divided by 51.
49
What is the remainder when 383 is divided by 79?
67
Calculate the remainder when 2022 is divided by 23.
21
What is the remainder when 26 is divided by 9?
8
Calculate the remainder when 234 is divided by 108.
18
Calculate the remainder when 60 is divided by 51.
9
What is the remainder when 62 is divided by 33?
29
Calculate the remainder when 303 is divided by 24.
15
What is the remainder when 57 is divided by 39?
18
What is the remainder when 12 is divided by 10?
2
What is the remainder when 170 is divided by 4?
2
What is the remainder when 36 is divided by 8?
4
Calculate the remainder when 414 is divided by 71.
59
What is the remainder when 480 is divided by 135?
75
Calculate the remainder when 312 is divided by 46.
36
Calculate the remainder when 227 is divided by 20.
7
What is the remainder when 2814 is divided by 88?
86
Calculate the remainder when 148 is divided by 30.
28
What is the remainder when 2113 is divided by 267?
244
Calculate the remainder when 294 is divided by 128.
38
Calculate the remainder when 1631 is divided by 532.
35
What is the remainder when 484 is divided by 164?
156
What is the remainder when 665 is divided by 301?
63
Calculate the remainder when 140 is divided by 48.
44
What is the remainder when 24 is divided by 2?
0
What is the remainder when 184 is divided by 67?
50
Calculate the remainder when 1153 is divided by 352.
97
What is the remainder when 3914 is divided by 87?
86
Calculate the remainder when 1291 is divided by 17.
16
What is the remainder when 1814 is divided by 369?
338
Calculate the remainder when 335 is divided by 22.
5
Calculate the remainder when 1564 is divided by 234.
160
What is the remainder when 481 is divided by 97?
93
What is the remainder when 65 is divided by 62?
3
What is the remainder when 46 is divided by 20?
6
Calculate the remainder when 2035 is divided by 335.
25
Calculate the remainder when 117 is divided by 30.
27
What is the remainder when 253 is divided by 40?
13
Calculate the remainder when 304 is divided by 39.
31
Calculate the remainder when 4412 is divided by 2203.
6
Calculate the remainder when 155 is divided by 95.
60
Calculate the remainder when 641 is divided by 44.
25
What is the remainder when 44 is divided by 16?
12
Calculate the remainder when 557 is divided by 21.
11
What is the remainder when 119 is divided by 4